{"id":1550,"date":"2019-12-30T21:04:16","date_gmt":"2019-12-30T20:04:16","guid":{"rendered":"https:\/\/bremenbasket.de\/Bremer-Basketball\/?post_type=tribe_events&#038;p=1550"},"modified":"2019-12-30T21:06:27","modified_gmt":"2019-12-30T20:06:27","slug":"sichtungslehrgang-jahrgg-2008-09","status":"publish","type":"tribe_events","link":"https:\/\/bremenbasket.de\/Bremer-Basketball\/event\/sichtungslehrgang-jahrgg-2008-09\/","title":{"rendered":"Sichtungslehrgang Jungen Jahrgg. 2008\/09"},"content":{"rendered":"<p><strong>Erster Sichtungslehrgang der M\u00e4dchen und Jungen der Jahrg\u00e4nge 2008 \/ 2009<\/strong><\/p>\n<p>Die jeweiligen Vereine des BBV\/NBV sind \u00fcber die Ma\u00dfnahmen informiert.<br \/>\nDort, bzw. \u00fcber den Trainer*in erhaltet ihr - oder w\u00e4hrend der Ma\u00dfnahme selbst -<br \/>\nweitere Info's. Gerne auch per Email beim BBV unter jugend @ bremenbasket.de.<\/p>\n<p>INFO: Sollten Jugendspieler zu einem Punktspiel ausfallen, darf das Punktspiel<br \/>\nkostenlos auf einen anderen Termin verlegt werden.<\/p>\n","protected":false},"excerpt":{"rendered":"<p>Erster Sichtungslehrgang der M\u00e4dchen und Jungen der Jahrg\u00e4nge 2008 \/ 2009 Die jeweiligen Vereine des BBV\/NBV sind \u00fcber die Ma\u00dfnahmen informiert. Dort, [&hellip;]<\/p>\n","protected":false},"author":1,"featured_media":0,"comment_status":"closed","ping_status":"closed","template":"","meta":{"_et_pb_use_builder":"","_et_pb_old_content":"","_et_gb_content_width":"","_tribe_events_status":"","_tribe_events_status_reason":""},"tags":[],"tribe_events_cat":[],"_links":{"self":[{"href":"https:\/\/bremenbasket.de\/Bremer-Basketball\/wp-json\/wp\/v2\/tribe_events\/1550"}],"collection":[{"href":"https:\/\/bremenbasket.de\/Bremer-Basketball\/wp-json\/wp\/v2\/tribe_events"}],"about":[{"href":"https:\/\/bremenbasket.de\/Bremer-Basketball\/wp-json\/wp\/v2\/types\/tribe_events"}],"author":[{"embeddable":true,"href":"https:\/\/bremenbasket.de\/Bremer-Basketball\/wp-json\/wp\/v2\/users\/1"}],"replies":[{"embeddable":true,"href":"https:\/\/bremenbasket.de\/Bremer-Basketball\/wp-json\/wp\/v2\/comments?post=1550"}],"version-history":[{"count":2,"href":"https:\/\/bremenbasket.de\/Bremer-Basketball\/wp-json\/wp\/v2\/tribe_events\/1550\/revisions"}],"predecessor-version":[{"id":1554,"href":"https:\/\/bremenbasket.de\/Bremer-Basketball\/wp-json\/wp\/v2\/tribe_events\/1550\/revisions\/1554"}],"wp:attachment":[{"href":"https:\/\/bremenbasket.de\/Bremer-Basketball\/wp-json\/wp\/v2\/media?parent=1550"}],"wp:term":[{"taxonomy":"post_tag","embeddable":true,"href":"https:\/\/bremenbasket.de\/Bremer-Basketball\/wp-json\/wp\/v2\/tags?post=1550"},{"taxonomy":"tribe_events_cat","embeddable":true,"href":"https:\/\/bremenbasket.de\/Bremer-Basketball\/wp-json\/wp\/v2\/tribe_events_cat?post=1550"}],"curies":[{"name":"wp","href":"https:\/\/api.w.org\/{rel}","templated":true}]}}

<p><strong>Erster Sichtungslehrgang der Mädchen und Jungen der Jahrgänge 2008 / 2009</strong></p>
<p>Die jeweiligen Vereine des BBV/NBV sind über die Maßnahmen informiert.<br />
Dort, bzw. über den Trainer*in erhaltet ihr - oder während der Maßnahme selbst -<br />
weitere Info's. Gerne auch per Email beim BBV unter jugend @ bremenbasket.de.</p>
<p>INFO: Sollten Jugendspieler zu einem Punktspiel ausfallen, darf das Punktspiel<br />
kostenlos auf einen anderen Termin verlegt werden.</p>

<p>Erster Sichtungslehrgang der Mädchen und Jungen der Jahrgänge 2008 / 2009 Die jeweiligen Vereine des BBV/NBV sind über die Maßnahmen informiert. Dort, [&hellip;]</p>
