{"id":1570,"date":"2020-01-11T15:08:25","date_gmt":"2020-01-11T14:08:25","guid":{"rendered":"https:\/\/bremenbasket.de\/Bremer-Basketball\/?post_type=tribe_events&#038;p=1570"},"modified":"2020-01-11T15:08:25","modified_gmt":"2020-01-11T14:08:25","slug":"kadermassnahme-jungs-maedchen-jahrgang-2008-09","status":"publish","type":"tribe_events","link":"https:\/\/bremenbasket.de\/Bremer-Basketball\/event\/kadermassnahme-jungs-maedchen-jahrgang-2008-09\/","title":{"rendered":"Kadermassnahme Jungs\/M\u00e4dchen Jahrgang 2008\/09"},"content":{"rendered":"<p><strong>Zweiter Sichtungslehrgang, M\u00e4dchen und Jungen der Jahrg\u00e4nge 2008 \/ 2009<\/strong><\/p>\n<p>Die jeweiligen Vereine des BBV\/NBV sind \u00fcber die Ma\u00dfnahmen informiert.<br \/>\nDort, bzw. \u00fcber den Trainer*in erhaltet ihr - oder w\u00e4hrend der Ma\u00dfnahme selbst -<br \/>\nweitere Info's. Gerne auch per Email beim BBV unter jugend @ bremenbasket.de.<\/p>\n<p>INFO: Sollten Jugendspieler zu einem Punktspiel ausfallen, darf das Punktspiel<br \/>\nkostenlos auf einen anderen Termin verlegt werden.<\/p>\n<p>ORT:<br \/>\nBasketballschule Bremerhaven<\/p>\n<p>ZEIT:<br \/>\nCheckIn: ab 10:45 h<br \/>\nZeit:&nbsp; 11:00 - 14:00 h<\/p>\n<p>MITBRINGEN:<\/p>\n<p>Je ein ws und sw Trikot \/ Shirt, Getr\u00e4nk, ggf. Snacks, Sport- \/ Duschsachen<br \/>\nund Je ein Ball Gr. 6 (vom Verein).<\/p>\n<p>Fahreltern k\u00f6nnen sich direkt hinter der Halle Bauinfos abholen (OBI). Aldi ist direkt am Anfang der Hinrich-Schmalfeldt-Stra\u00dfe. Einkaufsm\u00f6glichkeiten \/ Kaffee sind rechts auf die Hinrich-Schmalfeldt-Stra\u00dfe, bis an das Ende, links oder rechts = <strong>Hafensta\u00dfe. <\/strong>Alles ist fu\u00dfl\u00e4ufig erreichbar (max. 500 m).<\/p>\n<p>Alle Spieler erhalten in K\u00fcrze noch eine offizielle Einladung.<\/p>\n","protected":false},"excerpt":{"rendered":"<p>Zweiter Sichtungslehrgang, M\u00e4dchen und Jungen der Jahrg\u00e4nge 2008 \/ 2009 Die jeweiligen Vereine des BBV\/NBV sind \u00fcber die Ma\u00dfnahmen informiert. Dort, bzw. [&hellip;]<\/p>\n","protected":false},"author":1,"featured_media":0,"comment_status":"closed","ping_status":"closed","template":"","meta":{"_et_pb_use_builder":"","_et_pb_old_content":"","_et_gb_content_width":"","_tribe_events_status":"","_tribe_events_status_reason":""},"tags":[],"tribe_events_cat":[],"_links":{"self":[{"href":"https:\/\/bremenbasket.de\/Bremer-Basketball\/wp-json\/wp\/v2\/tribe_events\/1570"}],"collection":[{"href":"https:\/\/bremenbasket.de\/Bremer-Basketball\/wp-json\/wp\/v2\/tribe_events"}],"about":[{"href":"https:\/\/bremenbasket.de\/Bremer-Basketball\/wp-json\/wp\/v2\/types\/tribe_events"}],"author":[{"embeddable":true,"href":"https:\/\/bremenbasket.de\/Bremer-Basketball\/wp-json\/wp\/v2\/users\/1"}],"replies":[{"embeddable":true,"href":"https:\/\/bremenbasket.de\/Bremer-Basketball\/wp-json\/wp\/v2\/comments?post=1570"}],"version-history":[{"count":1,"href":"https:\/\/bremenbasket.de\/Bremer-Basketball\/wp-json\/wp\/v2\/tribe_events\/1570\/revisions"}],"predecessor-version":[{"id":1571,"href":"https:\/\/bremenbasket.de\/Bremer-Basketball\/wp-json\/wp\/v2\/tribe_events\/1570\/revisions\/1571"}],"wp:attachment":[{"href":"https:\/\/bremenbasket.de\/Bremer-Basketball\/wp-json\/wp\/v2\/media?parent=1570"}],"wp:term":[{"taxonomy":"post_tag","embeddable":true,"href":"https:\/\/bremenbasket.de\/Bremer-Basketball\/wp-json\/wp\/v2\/tags?post=1570"},{"taxonomy":"tribe_events_cat","embeddable":true,"href":"https:\/\/bremenbasket.de\/Bremer-Basketball\/wp-json\/wp\/v2\/tribe_events_cat?post=1570"}],"curies":[{"name":"wp","href":"https:\/\/api.w.org\/{rel}","templated":true}]}}

Kadermassnahme Jungs/Mädchen Jahrgang 2008/09

<p><strong>Zweiter Sichtungslehrgang, Mädchen und Jungen der Jahrgänge 2008 / 2009</strong></p>
<p>Die jeweiligen Vereine des BBV/NBV sind über die Maßnahmen informiert.<br />
Dort, bzw. über den Trainer*in erhaltet ihr - oder während der Maßnahme selbst -<br />
weitere Info's. Gerne auch per Email beim BBV unter jugend @ bremenbasket.de.</p>
<p>INFO: Sollten Jugendspieler zu einem Punktspiel ausfallen, darf das Punktspiel<br />
kostenlos auf einen anderen Termin verlegt werden.</p>
<p>ORT:<br />
Basketballschule Bremerhaven</p>
<p>ZEIT:<br />
CheckIn: ab 10:45 h<br />
Zeit:&nbsp; 11:00 - 14:00 h</p>
<p>MITBRINGEN:</p>
<p>Je ein ws und sw Trikot / Shirt, Getränk, ggf. Snacks, Sport- / Duschsachen<br />
und Je ein Ball Gr. 6 (vom Verein).</p>
<p>Fahreltern können sich direkt hinter der Halle Bauinfos abholen (OBI). Aldi ist direkt am Anfang der Hinrich-Schmalfeldt-Straße. Einkaufsmöglichkeiten / Kaffee sind rechts auf die Hinrich-Schmalfeldt-Straße, bis an das Ende, links oder rechts = <strong>Hafenstaße. </strong>Alles ist fußläufig erreichbar (max. 500 m).</p>
<p>Alle Spieler erhalten in Kürze noch eine offizielle Einladung.</p>

<p>Zweiter Sichtungslehrgang, Mädchen und Jungen der Jahrgänge 2008 / 2009 Die jeweiligen Vereine des BBV/NBV sind über die Maßnahmen informiert. Dort, bzw. [&hellip;]</p>
