{"id":1619,"date":"2020-02-03T14:21:58","date_gmt":"2020-02-03T13:21:58","guid":{"rendered":"https:\/\/bremenbasket.de\/Bremer-Basketball\/?post_type=tribe_events&#038;p=1619"},"modified":"2020-02-03T14:21:58","modified_gmt":"2020-02-03T13:21:58","slug":"trainerfortbildung-2020","status":"publish","type":"tribe_events","link":"https:\/\/bremenbasket.de\/Bremer-Basketball\/event\/trainerfortbildung-2020\/","title":{"rendered":"Trainerfortbildung 2020"},"content":{"rendered":"<p>Der Bremer Basketball-Verband e.V. schreibt folgende Trainerfortbildung aus:<\/p>\n<div class=\"su-table su-table-responsive su-table-alternate su-table-fixed\">\n<table style=\"height: 376px\" width=\"648\">\n<tbody>\n<tr>\n<td>Veranstalter<br \/>\nDatum<br \/>\nOrt<br \/>\nZeit<br \/>\nVoraussetzung<\/p>\n<p>&nbsp;<\/td>\n<td>Bremer Basketball-Verband e.V.<br \/>\n18.04.2020<br \/>\nVoraussichtlich OS N\u00fcrnberger Stra\u00dfe<br \/>\n10:00 \u2013 17:00 h<br \/>\nJede*r der sich im Basketball weiterbilden m\u00f6chte; Trainer*innen f\u00fcr Lizenzverl\u00e4ngerung<\/p>\n<p>&nbsp;<\/td>\n<\/tr>\n<tr>\n<td>Kosten<\/p>\n<p>Anmeldeschluss&nbsp;<br \/>\nAnmeldungen<\/td>\n<td>Keine! Verl\u00e4ngerungen von C-Lizenzen 25,00 \u20ac p.a.<br \/>\n11.04.2020<br \/>\nVerbindlich ab sofort telefonisch unter 0151-58751450 oder Email: trainer@bremenbasket.de<\/td>\n<\/tr>\n<\/tbody>\n<\/table>\n<\/div>\n<p>Weiteres siehe in der offiziellen Ausschreibung (Download unten).<\/p>\n","protected":false},"excerpt":{"rendered":"<p>Der Bremer Basketball-Verband e.V. schreibt folgende Trainerfortbildung aus: Weiteres siehe in der offiziellen Ausschreibung (Download unten).<\/p>\n","protected":false},"author":1,"featured_media":0,"comment_status":"closed","ping_status":"closed","template":"","meta":{"_et_pb_use_builder":"","_et_pb_old_content":"","_et_gb_content_width":"","_tribe_events_status":"","_tribe_events_status_reason":""},"tags":[],"tribe_events_cat":[],"_links":{"self":[{"href":"https:\/\/bremenbasket.de\/Bremer-Basketball\/wp-json\/wp\/v2\/tribe_events\/1619"}],"collection":[{"href":"https:\/\/bremenbasket.de\/Bremer-Basketball\/wp-json\/wp\/v2\/tribe_events"}],"about":[{"href":"https:\/\/bremenbasket.de\/Bremer-Basketball\/wp-json\/wp\/v2\/types\/tribe_events"}],"author":[{"embeddable":true,"href":"https:\/\/bremenbasket.de\/Bremer-Basketball\/wp-json\/wp\/v2\/users\/1"}],"replies":[{"embeddable":true,"href":"https:\/\/bremenbasket.de\/Bremer-Basketball\/wp-json\/wp\/v2\/comments?post=1619"}],"version-history":[{"count":3,"href":"https:\/\/bremenbasket.de\/Bremer-Basketball\/wp-json\/wp\/v2\/tribe_events\/1619\/revisions"}],"predecessor-version":[{"id":1622,"href":"https:\/\/bremenbasket.de\/Bremer-Basketball\/wp-json\/wp\/v2\/tribe_events\/1619\/revisions\/1622"}],"wp:attachment":[{"href":"https:\/\/bremenbasket.de\/Bremer-Basketball\/wp-json\/wp\/v2\/media?parent=1619"}],"wp:term":[{"taxonomy":"post_tag","embeddable":true,"href":"https:\/\/bremenbasket.de\/Bremer-Basketball\/wp-json\/wp\/v2\/tags?post=1619"},{"taxonomy":"tribe_events_cat","embeddable":true,"href":"https:\/\/bremenbasket.de\/Bremer-Basketball\/wp-json\/wp\/v2\/tribe_events_cat?post=1619"}],"curies":[{"name":"wp","href":"https:\/\/api.w.org\/{rel}","templated":true}]}}

<p>Der Bremer Basketball-Verband e.V. schreibt folgende Trainerfortbildung aus:</p>
<div class="su-table su-table-responsive su-table-alternate su-table-fixed">
<table style="height: 376px" width="648">
<tbody>
<tr>
<td>Veranstalter<br />
Datum<br />
Ort<br />
Zeit<br />
Voraussetzung</p>
<p>&nbsp;</td>
<td>Bremer Basketball-Verband e.V.<br />
18.04.2020<br />
Voraussichtlich OS Nürnberger Straße<br />
10:00 – 17:00 h<br />
Jede*r der sich im Basketball weiterbilden möchte; Trainer*innen für Lizenzverlängerung</p>
<p>&nbsp;</td>
</tr>
<tr>
<td>Kosten</p>
<p>Anmeldeschluss&nbsp;<br />
Anmeldungen</td>
<td>Keine! Verlängerungen von C-Lizenzen 25,00 € p.a.<br />
11.04.2020<br />
Verbindlich ab sofort telefonisch unter 0151-58751450 oder Email: trainer@bremenbasket.de</td>
</tr>
</tbody>
</table>
</div>
<p>Weiteres siehe in der offiziellen Ausschreibung (Download unten).</p>
