{"id":1645,"date":"2020-03-04T00:25:43","date_gmt":"2020-03-03T23:25:43","guid":{"rendered":"https:\/\/bremenbasket.de\/Bremer-Basketball\/?post_type=tribe_events&#038;p=1645"},"modified":"2020-03-04T00:28:22","modified_gmt":"2020-03-03T23:28:22","slug":"3-kadertraining-2008-2009","status":"publish","type":"tribe_events","link":"https:\/\/bremenbasket.de\/Bremer-Basketball\/event\/3-kadertraining-2008-2009\/","title":{"rendered":"3. Kadertraining 2008\/2009"},"content":{"rendered":"<p>Hiermit l\u00e4d der BBV zur 3. Kaderma\u00dfnahme ein:<\/p>\n<p>Wann: Samstag, 21.03.2020, 11:00 bis 14:00 Uhr, Check-In um 10:45 Uhr<br \/>\nLehrgangsgeb\u00fchr:&nbsp; Aktuell f\u00e4llt keine Geb\u00fchr an<br \/>\nOrt: OS-Findorff, Depandance N\u00fcrnberger Stra\u00dfe, 28215 Bremen<br \/>\nMitbringen: je 1 Shirt wei\u00df\/schwarz, Getr\u00e4nke, ggf. Snacks, Sportzeug, je 1 Basketball der Gr. 5<\/p>\n","protected":false},"excerpt":{"rendered":"<p>Hiermit l\u00e4d der BBV zur 3. Kaderma\u00dfnahme ein: Wann: Samstag, 21.03.2020, 11:00 bis 14:00 Uhr, Check-In um 10:45 Uhr Lehrgangsgeb\u00fchr:&nbsp; Aktuell f\u00e4llt [&hellip;]<\/p>\n","protected":false},"author":1,"featured_media":0,"comment_status":"closed","ping_status":"closed","template":"","meta":{"_et_pb_use_builder":"","_et_pb_old_content":"","_et_gb_content_width":"","_tribe_events_status":"","_tribe_events_status_reason":""},"tags":[],"tribe_events_cat":[],"_links":{"self":[{"href":"https:\/\/bremenbasket.de\/Bremer-Basketball\/wp-json\/wp\/v2\/tribe_events\/1645"}],"collection":[{"href":"https:\/\/bremenbasket.de\/Bremer-Basketball\/wp-json\/wp\/v2\/tribe_events"}],"about":[{"href":"https:\/\/bremenbasket.de\/Bremer-Basketball\/wp-json\/wp\/v2\/types\/tribe_events"}],"author":[{"embeddable":true,"href":"https:\/\/bremenbasket.de\/Bremer-Basketball\/wp-json\/wp\/v2\/users\/1"}],"replies":[{"embeddable":true,"href":"https:\/\/bremenbasket.de\/Bremer-Basketball\/wp-json\/wp\/v2\/comments?post=1645"}],"version-history":[{"count":3,"href":"https:\/\/bremenbasket.de\/Bremer-Basketball\/wp-json\/wp\/v2\/tribe_events\/1645\/revisions"}],"predecessor-version":[{"id":1648,"href":"https:\/\/bremenbasket.de\/Bremer-Basketball\/wp-json\/wp\/v2\/tribe_events\/1645\/revisions\/1648"}],"wp:attachment":[{"href":"https:\/\/bremenbasket.de\/Bremer-Basketball\/wp-json\/wp\/v2\/media?parent=1645"}],"wp:term":[{"taxonomy":"post_tag","embeddable":true,"href":"https:\/\/bremenbasket.de\/Bremer-Basketball\/wp-json\/wp\/v2\/tags?post=1645"},{"taxonomy":"tribe_events_cat","embeddable":true,"href":"https:\/\/bremenbasket.de\/Bremer-Basketball\/wp-json\/wp\/v2\/tribe_events_cat?post=1645"}],"curies":[{"name":"wp","href":"https:\/\/api.w.org\/{rel}","templated":true}]}}

<p>Hiermit läd der BBV zur 3. Kadermaßnahme ein:</p>
<p>Wann: Samstag, 21.03.2020, 11:00 bis 14:00 Uhr, Check-In um 10:45 Uhr<br />
Lehrgangsgebühr:&nbsp; Aktuell fällt keine Gebühr an<br />
Ort: OS-Findorff, Depandance Nürnberger Straße, 28215 Bremen<br />
Mitbringen: je 1 Shirt weiß/schwarz, Getränke, ggf. Snacks, Sportzeug, je 1 Basketball der Gr. 5</p>

<p>Hiermit läd der BBV zur 3. Kadermaßnahme ein: Wann: Samstag, 21.03.2020, 11:00 bis 14:00 Uhr, Check-In um 10:45 Uhr Lehrgangsgebühr:&nbsp; Aktuell fällt [&hellip;]</p>
