{"id":1829,"date":"2021-09-03T01:15:43","date_gmt":"2021-09-02T23:15:43","guid":{"rendered":"https:\/\/bremenbasket.de\/Bremer-Basketball\/?post_type=tribe_events&#038;p=1829"},"modified":"2021-09-03T01:15:43","modified_gmt":"2021-09-02T23:15:43","slug":"nbv-verbandstag","status":"publish","type":"tribe_events","link":"https:\/\/bremenbasket.de\/Bremer-Basketball\/event\/nbv-verbandstag\/","title":{"rendered":"NBV Verbandstag"},"content":{"rendered":"<p>Am 11. September 2021 ab 11 Uhr findet unser Verbandstag im Gutshof Rethmar in Sehnde-Rethmar statt. Melde Dich als Vereinsvertreter an, um Deinen Verein beim Verbandstag zu vertreten und Deinem Verein eine Stimme zu geben.<\/p>\n<p>Den Link zum Anmeldeportal findet Ihr unter dieser Mitteilung.<\/p>\n<p>Wir freuen uns auf eine zahlreiche Teilnahme der Mitgliedsvereine!<\/p>\n<p>&nbsp;<\/p>\n<p><strong>11.\u00a0September\u00a02021,\u00a0Beginn\u00a011:00 Uhr\u00a0<\/strong><br \/>\n<strong>im Gutshof\u00a0Rethmar\u00a0\u00a0<\/strong><br \/>\n<strong>Gutsstra\u00dfe 16, 31319 Sehnde-Rethmar<\/strong><\/p>\n<p>&nbsp;<\/p>\n<p><strong>Tagesordnung<\/strong><\/p>\n<ol>\n<li>Er\u00f6ffnung,\u00a0Begr\u00fc\u00dfung,\u00a0Beschlussf\u00e4higkeit, Stimmrechte<\/li>\n<li>Feststellung der\u00a0Tagesordnung<\/li>\n<li>Bestimmung eines Versammlungsleiters<\/li>\n<li>Gru\u00dfworte<\/li>\n<li>Ehrungen<\/li>\n<li>Impulsvortrag<\/li>\n<li>Bericht\n<ol>\n<li>des\u00a0Vorstandes<\/li>\n<li>des Rechtsausschusses<\/li>\n<li>\u00fcber die Rechnungslegung 2020<\/li>\n<li>der Revisoren<\/li>\n<\/ol>\n<\/li>\n<li>Entlastung des Vorstandes<\/li>\n<li>Verabschiedung der\u00a0Wirtschaftspl\u00e4ne (2021,\u00a02. Fassung\u00a0und 2022, 1. Entwurf)<\/li>\n<li>Neuwahl des Vorstandes<\/li>\n<li>Antr\u00e4ge\u00a0zur \u00c4nderung der Satzung\u00a0(siehe Anlagen zur Einladung)<\/li>\n<li>Beschlussfassung \u00fcber die Aufnahme des Bremer Basketballverbandes<\/li>\n<li>Weitere Antr\u00e4ge\n<ol>\n<li>Beschlussfassung \u00fcber die Jugendordnung<\/li>\n<\/ol>\n<\/li>\n<li>Verschiedenes<\/li>\n<\/ol>\n<p>itte w\u00e4hlen Sie unter <strong>\"Zusatzleistungen\"<\/strong> zu den folgenden Themen <strong>jeweils 1 Punkt<\/strong> aus (insgesamt also 3 Zusatzleistungen):<\/p>\n<ul>\n<li><strong>Verpflegung<\/strong><\/li>\n<li><strong>gesetztlicher Vereinsvertreter nach \u00a726\u00a0BGB <\/strong>(Im Vereinsregister eingetragener Vorstand - Bitte beachten Sie, dass nur Vereinsvertreter nach \u00a726 BGB oder eine von ihnen bevollm\u00e4chtigte Person beim Verbandstag stimmberechtigt ist. Andernfalls k\u00f6nnen wir Ihnen keine Wahlunterlagen aush\u00e4ndigen.)<\/li>\n<li><strong>Shuttle-Bus<\/strong> (Lehrte - Rethmar)<\/li>\n<\/ul>\n","protected":false},"excerpt":{"rendered":"<p>Am 11. September 2021 ab 11 Uhr findet unser Verbandstag im Gutshof Rethmar in Sehnde-Rethmar statt. Melde Dich als Vereinsvertreter an, um [&hellip;]<\/p>\n","protected":false},"author":1,"featured_media":0,"comment_status":"closed","ping_status":"closed","template":"","meta":{"_et_pb_use_builder":"","_et_pb_old_content":"","_et_gb_content_width":"","_tribe_events_status":"","_tribe_events_status_reason":""},"tags":[],"tribe_events_cat":[],"_links":{"self":[{"href":"https:\/\/bremenbasket.de\/Bremer-Basketball\/wp-json\/wp\/v2\/tribe_events\/1829"}],"collection":[{"href":"https:\/\/bremenbasket.de\/Bremer-Basketball\/wp-json\/wp\/v2\/tribe_events"}],"about":[{"href":"https:\/\/bremenbasket.de\/Bremer-Basketball\/wp-json\/wp\/v2\/types\/tribe_events"}],"author":[{"embeddable":true,"href":"https:\/\/bremenbasket.de\/Bremer-Basketball\/wp-json\/wp\/v2\/users\/1"}],"replies":[{"embeddable":true,"href":"https:\/\/bremenbasket.de\/Bremer-Basketball\/wp-json\/wp\/v2\/comments?post=1829"}],"version-history":[{"count":1,"href":"https:\/\/bremenbasket.de\/Bremer-Basketball\/wp-json\/wp\/v2\/tribe_events\/1829\/revisions"}],"predecessor-version":[{"id":1830,"href":"https:\/\/bremenbasket.de\/Bremer-Basketball\/wp-json\/wp\/v2\/tribe_events\/1829\/revisions\/1830"}],"wp:attachment":[{"href":"https:\/\/bremenbasket.de\/Bremer-Basketball\/wp-json\/wp\/v2\/media?parent=1829"}],"wp:term":[{"taxonomy":"post_tag","embeddable":true,"href":"https:\/\/bremenbasket.de\/Bremer-Basketball\/wp-json\/wp\/v2\/tags?post=1829"},{"taxonomy":"tribe_events_cat","embeddable":true,"href":"https:\/\/bremenbasket.de\/Bremer-Basketball\/wp-json\/wp\/v2\/tribe_events_cat?post=1829"}],"curies":[{"name":"wp","href":"https:\/\/api.w.org\/{rel}","templated":true}]}}

<p>Am 11. September 2021 ab 11 Uhr findet unser Verbandstag im Gutshof Rethmar in Sehnde-Rethmar statt. Melde Dich als Vereinsvertreter an, um Deinen Verein beim Verbandstag zu vertreten und Deinem Verein eine Stimme zu geben.</p>
<p>Den Link zum Anmeldeportal findet Ihr unter dieser Mitteilung.</p>
<p>Wir freuen uns auf eine zahlreiche Teilnahme der Mitgliedsvereine!</p>
<p>&nbsp;</p>
<p><strong>11. September 2021, Beginn 11:00 Uhr </strong><br />
<strong>im Gutshof Rethmar  </strong><br />
<strong>Gutsstraße 16, 31319 Sehnde-Rethmar</strong></p>
<p>&nbsp;</p>
<p><strong>Tagesordnung</strong></p>
<ol>
<li>Eröffnung, Begrüßung, Beschlussfähigkeit, Stimmrechte</li>
<li>Feststellung der Tagesordnung</li>
<li>Bestimmung eines Versammlungsleiters</li>
<li>Grußworte</li>
<li>Ehrungen</li>
<li>Impulsvortrag</li>
<li>Bericht
<ol>
<li>des Vorstandes</li>
<li>des Rechtsausschusses</li>
<li>über die Rechnungslegung 2020</li>
<li>der Revisoren</li>
</ol>
</li>
<li>Entlastung des Vorstandes</li>
<li>Verabschiedung der Wirtschaftspläne (2021, 2. Fassung und 2022, 1. Entwurf)</li>
<li>Neuwahl des Vorstandes</li>
<li>Anträge zur Änderung der Satzung (siehe Anlagen zur Einladung)</li>
<li>Beschlussfassung über die Aufnahme des Bremer Basketballverbandes</li>
<li>Weitere Anträge
<ol>
<li>Beschlussfassung über die Jugendordnung</li>
</ol>
</li>
<li>Verschiedenes</li>
</ol>
<p>itte wählen Sie unter <strong>"Zusatzleistungen"</strong> zu den folgenden Themen <strong>jeweils 1 Punkt</strong> aus (insgesamt also 3 Zusatzleistungen):</p>
<ul>
<li><strong>Verpflegung</strong></li>
<li><strong>gesetztlicher Vereinsvertreter nach §26 BGB </strong>(Im Vereinsregister eingetragener Vorstand - Bitte beachten Sie, dass nur Vereinsvertreter nach §26 BGB oder eine von ihnen bevollmächtigte Person beim Verbandstag stimmberechtigt ist. Andernfalls können wir Ihnen keine Wahlunterlagen aushändigen.)</li>
<li><strong>Shuttle-Bus</strong> (Lehrte - Rethmar)</li>
</ul>
