{"id":1889,"date":"2022-10-04T23:43:43","date_gmt":"2022-10-04T21:43:43","guid":{"rendered":"https:\/\/bremenbasket.de\/Bremer-Basketball\/?post_type=tribe_events&#038;p=1889"},"modified":"2022-10-04T23:43:43","modified_gmt":"2022-10-04T21:43:43","slug":"trainerfortbildung-mit-lizenzverlaengerung","status":"publish","type":"tribe_events","link":"https:\/\/bremenbasket.de\/Bremer-Basketball\/event\/trainerfortbildung-mit-lizenzverlaengerung\/","title":{"rendered":"Trainerfortbildung mit Lizenzverl\u00e4ngerung"},"content":{"rendered":"<p><strong>Trainerfortbildung mit Lizenzverl\u00e4ngerung<\/strong><\/p>\n<p>Teilnehmen k\u00f6nnen Trainer:innen mit oder ohne Lizenz, ab 15 Jahre, aus Bremen und allen anderen LV's (vorab Lizenzverl\u00e4ngerung beim Landeslehrwart erfragen).<br \/>\nOder kurz - alle, die Bock auf Basketball haben und mind. 15 Jahre alt sind.<\/p>\n<p>Folgende Angaben werden zeitnah nachgereicht:<\/p>\n<p>Der Ort der Trainerfortbildung (wahrscheinlich KGS II-Brinkum),<br \/>\nReferenten und Themen und ggf. Kosten<\/p>\n<p>Sicherheitshalber und falls vorhanden, die Lizenz mitbringen.<\/p>\n<p><strong>07. + 08.01.2023, jeweils 10:30 h - 17:00 h, Checkin 10:15 h<br \/>\nMitbringen: Sport- \/ Duschzeug, Schreibsachen, Ball Gr. 6 bzw. 7 sowie ein helles und ein dunkles Shirt und Getr\u00e4nke<br \/>\nDemoTeam: es wird kein Demoteam vor Ort sein. Aus diesem Grund ist Selbstrealisation erbeten.<\/strong><\/p>\n<p>In der Mittagspause haben wir die M\u00f6glichkeit im Vereinsheim eine Kleinigkeit zu Essen.<br \/>\nWer mag \u2013 Referent(en) und ich werden Samstag nach der FoBi das eine oder andere Bier trinken gehen (fu\u00dfl\u00e4ufig) und vielleicht eine Kleinigkeit Essen. Wer<br \/>\nBock und Zeit hat, kann sich gerne anschlie\u00dfen! Fragen und Antworten dann sicher!<\/p>\n","protected":false},"excerpt":{"rendered":"<p>Trainerfortbildung mit Lizenzverl\u00e4ngerung Teilnehmen k\u00f6nnen Trainer:innen mit oder ohne Lizenz, ab 15 Jahre, aus Bremen und allen anderen LV&#8217;s (vorab Lizenzverl\u00e4ngerung beim [&hellip;]<\/p>\n","protected":false},"author":1,"featured_media":0,"comment_status":"closed","ping_status":"closed","template":"","meta":{"_et_pb_use_builder":"","_et_pb_old_content":"","_et_gb_content_width":"","_tribe_events_status":"","_tribe_events_status_reason":""},"tags":[],"tribe_events_cat":[],"_links":{"self":[{"href":"https:\/\/bremenbasket.de\/Bremer-Basketball\/wp-json\/wp\/v2\/tribe_events\/1889"}],"collection":[{"href":"https:\/\/bremenbasket.de\/Bremer-Basketball\/wp-json\/wp\/v2\/tribe_events"}],"about":[{"href":"https:\/\/bremenbasket.de\/Bremer-Basketball\/wp-json\/wp\/v2\/types\/tribe_events"}],"author":[{"embeddable":true,"href":"https:\/\/bremenbasket.de\/Bremer-Basketball\/wp-json\/wp\/v2\/users\/1"}],"replies":[{"embeddable":true,"href":"https:\/\/bremenbasket.de\/Bremer-Basketball\/wp-json\/wp\/v2\/comments?post=1889"}],"version-history":[{"count":1,"href":"https:\/\/bremenbasket.de\/Bremer-Basketball\/wp-json\/wp\/v2\/tribe_events\/1889\/revisions"}],"predecessor-version":[{"id":1892,"href":"https:\/\/bremenbasket.de\/Bremer-Basketball\/wp-json\/wp\/v2\/tribe_events\/1889\/revisions\/1892"}],"wp:attachment":[{"href":"https:\/\/bremenbasket.de\/Bremer-Basketball\/wp-json\/wp\/v2\/media?parent=1889"}],"wp:term":[{"taxonomy":"post_tag","embeddable":true,"href":"https:\/\/bremenbasket.de\/Bremer-Basketball\/wp-json\/wp\/v2\/tags?post=1889"},{"taxonomy":"tribe_events_cat","embeddable":true,"href":"https:\/\/bremenbasket.de\/Bremer-Basketball\/wp-json\/wp\/v2\/tribe_events_cat?post=1889"}],"curies":[{"name":"wp","href":"https:\/\/api.w.org\/{rel}","templated":true}]}}

Trainerfortbildung mit Lizenzverlängerung

<p><strong>Trainerfortbildung mit Lizenzverlängerung</strong></p>
<p>Teilnehmen können Trainer:innen mit oder ohne Lizenz, ab 15 Jahre, aus Bremen und allen anderen LV's (vorab Lizenzverlängerung beim Landeslehrwart erfragen).<br />
Oder kurz - alle, die Bock auf Basketball haben und mind. 15 Jahre alt sind.</p>
<p>Folgende Angaben werden zeitnah nachgereicht:</p>
<p>Der Ort der Trainerfortbildung (wahrscheinlich KGS II-Brinkum),<br />
Referenten und Themen und ggf. Kosten</p>
<p>Sicherheitshalber und falls vorhanden, die Lizenz mitbringen.</p>
<p><strong>07. + 08.01.2023, jeweils 10:30 h - 17:00 h, Checkin 10:15 h<br />
Mitbringen: Sport- / Duschzeug, Schreibsachen, Ball Gr. 6 bzw. 7 sowie ein helles und ein dunkles Shirt und Getränke<br />
DemoTeam: es wird kein Demoteam vor Ort sein. Aus diesem Grund ist Selbstrealisation erbeten.</strong></p>
<p>In der Mittagspause haben wir die Möglichkeit im Vereinsheim eine Kleinigkeit zu Essen.<br />
Wer mag – Referent(en) und ich werden Samstag nach der FoBi das eine oder andere Bier trinken gehen (fußläufig) und vielleicht eine Kleinigkeit Essen. Wer<br />
Bock und Zeit hat, kann sich gerne anschließen! Fragen und Antworten dann sicher!</p>

<p>Trainerfortbildung mit Lizenzverlängerung Teilnehmen können Trainer:innen mit oder ohne Lizenz, ab 15 Jahre, aus Bremen und allen anderen LV&#8217;s (vorab Lizenzverlängerung beim [&hellip;]</p>
